2
What is the ten millions digit of 206177251?
0
What is the ten thousands digit of 1111464966?
6
What is the units digit of 95682941?
1
What is the ten thousands digit of 24170961?
7
What is the billions digit of 1267673979?
1
What is the ten thousands digit of 132885797?
8
What is the billions digit of 4310638926?
4
What is the hundred thousands digit of 366536483?
5
What is the millions digit of 129453336?
9
What is the tens digit of 981491556?
5
What is the thousands digit of 35636563?
6
What is the thousands digit of 855191275?
1
What is the units digit of 1963087559?
9
What is the billions digit of 2013868217?
2
What is the thousands digit of 97170274?
0
What is the tens digit of 1415166206?
0
What is the tens digit of 1057092774?
7
What is the billions digit of 4820003536?
4
What is the tens digit of 101670591?
9
What is the tens digit of 2359605081?
8
What is the thousands digit of 97937538?
7
What is the hundred millions digit of 2622170600?
6
What is the millions digit of 51774971?
1
What is the units digit of 8920239680?
0
What is the hundred thousands digit of 8348608745?
6
What is the hundred millions digit of 1662246285?
6
What is the millions digit of 993179289?
3
What is the hundred millions digit of 163979306?
1
What is the hundred millions digit of 1084901723?
0
What is the hundreds digit of 21671964?
9
What is the hundred thousands digit of 41202251?
2
What is the ten millions digit of 87244506?
8
What is the ten millions digit of 2143748030?
4
What is the millions digit of 27352213?
7
What is the hundreds digit of 53238851?
8
What is the hundreds digit of 1846002429?
4
What is the hundred thousands digit of 711760511?
7
What is the ten thousands digit of 92603240?
0
What is the hundreds digit of 73706547?
5
What is the millions digit of 35405536?
5
What is the ten millions digit of 80865118?
8
What is the hundred thousands digit of 51367149?
3
What is the ten thousands digit of 342338935?
3
What is the units digit of 845651153?
3
What is the millions digit of 7478350?
7
What is the units digit of 2800059282?
2
What is the tens digit of 31319086?
8
What is the units digit of 1598993?
3
What is the units digit of 115134302?
2
What is the tens digit of 135142206?
0
What is the units digit of 372169061?
1
What is the hundred thousands digit of 1638122610?
1
What is the millions digit of 46864897?
6
What is the millions digit of 364700973?
4
What is the millions digit of 263737108?
3
What is the ten thousands digit of 633625065?
2
What is the billions digit of 2993867101?
2
What is the tens digit of 54291048?
4
What is the hundreds digit of 7132824488?
4
What is the millions digit of 157349412?
7
What is the ten millions digit of 85677943?
8
What is the billions digit of 3465482806?
3
What is the ten millions digit of 60364118?
6
What is the thousands digit of 1847397443?
7
What is the thousands digit of 296800092?
0
What is the ten thousands digit of 101493414?
9
What is the units digit of 978216904?
4
What is the ten thousands digit of 10922455?
2
What is the units digit of 951844367?
7
What is the hundred millions digit of 1307062138?
3
What is the ten thousands digit of 127643331?
4
What is the hundred millions digit of 578307473?
5
What is the millions digit of 802088785?
2
What is the tens digit of 2151201060?
6
What is the hundred thousands digit of 26322888?
3
What is the tens digit of 6223841227?
2
What is the units digit of 60962343?
3
What is the ten millions digit of 24867405?
2
What is the units digit of 513428588?
8
What is the units digit of 1301157350?
0
What is the thousands digit of 480471400?
1
What is the units digit of 6251338570?
0
What is the millions digit of 1672843682?
2
What is the ten thousands digit of 1541896369?
9
What is the ten thousands digit of 532849444?
4
What is the hundreds digit of 4740364088?
0
What is the tens digit of 76227650?
5
What is the millions digit of 888017252?
8
What is the units digit of 322685454?
4
What is the millions digit of 728438649?
8
What is the millions digit of 89251155?
9
What is the tens digit of 21119500?
0
What is the millions digit of 3405956?
3
What is the ten millions digit of 1467631038?
6
What is the thousands digit of 1481871168?
1
What is the hundreds digit of 23801608?
6
What is the thousands digit of 611564064?
4
What is the ten thousands digit of 920427320?
2
What is the billions digit of 3048701344?
3
What is the tens digit of 69270471?
7
What is the units digit of 1782886412?
2
What is the hundred millions digit of 842313978?
8
What is the ten thousands digit of 97357904?
5
What is the hundred millions digit of 174246809?
1
What is the hundreds digit of 146651948?
9
What is the units digit of 284741435?
5
What is the thousands digit of 63714112?
4
What is the ten thousands digit of 6740606035?
0
What is the thousands digit of 2814495406?
5
What is the billions digit of 3405864437?
3
What is the ten thousands digit of 147356185?
5
What is the ten thousands digit of 6517847?
1
What is the units digit of 220889215?
5
What is the hundred millions digit of 1997368939?
9
What is the ten millions digit of 434812347?
3
What is the millions digit of 922983996?
2
What is the thousands digit of 264463304?
3
What is the hundred thousands digit of 59408355?
4
What is the hundred thousands digit of 1984957831?
9
What is the tens digit of 30613572?
7
What is the units digit of 5310913362?
2
What is the billions digit of 1362289789?
1
What is the units digit of 3453032610?
0
What is the ten thousands digit of 666852218?
5
What is the thousands digit of 38498209?
8
What is the ten millions digit of 35753956?
3
What is the units digit of 479180560?
0
What is the ten millions digit of 1885689991?
8
What is the hundred thousands digit of 3224901524?
9
What is the thousands digit of 52536528?
6
What is the hundreds digit of 1698953159?
1
What is the hundred thousands digit of 119355985?
3
What is the units digit of 1976984567?
7
What is the hundreds digit of 49580980?
9
What is the ten thousands digit of 199190156?
9
What is the millions digit of 558646298?
8
What is the units digit of 72739686?
6
What is the thousands digit of 460783776?
3
What is the ten thousands digit of 2299610821?
1
What is the units digit of 26761810?
0
What is the hundred thousands digit of 153501001?
5
What is the hundreds digit of 36588310?
3
What is the ten millions digit of 63416285?
6
What is the ten millions digit of 299898167?
9
What is the hundred thousands digit of 1193871184?
8
What is the hundred thousands digit of 221228382?
2
What is the thousands digit of 1671305035?
5
What is the thousands digit of 574724287?
4
What is the hundred thousands digit of 67206241?
2
What is the thousands digit of 45410019?
0
What is the ten thousands digit of 87783988?
8
What is the hundred millions digit of 6222251315?
2
What is the tens digit of 255892865?
6
What is the hundred millions digit of 4242742811?
2
What is the hundred millions digit of 848307516?
8
What is the ten thousands digit of 189010223?
1
What is the ten millions digit of 40308186?
4
What is the millions digit of 24152434?
4
What is the ten millions digit of 3380661020?
8
What is the hundreds digit of 209099294?
2
What is the units digit of 5983406488?
8
What is the millions digit of 87057905?
7
What is the ten thousands digit of 63613039?
1
What is the hundred millions digit of 540939690?
5
What is the thousands digit of 3701928872?
8
What is the hundreds digit of 56821283?
2
What is the hundreds digit of 4882363951?
9
What is the thousands digit of 1726459674?
9
What is the hundred millions digit of 123816978?
1
What is the units digit of 25590552?
2
What is the hundreds digit of 1413277557?
5
What is the billions digit of 5715144842?
5
What is the hundred thousands digit of 79275426?
2
What is the hundred millions digit of 237618479?
2
What is the units digit of 6416567?
7
What is the hundred thousands digit of 585881637?
8
What is the tens digit of 120282822?
2
What is the units digit of 6743568?
8
What is the hundred thousands digit of 2736991972?
9
What is the thousands digit of 134053625?
3
What is the millions digit of 60950314?
0
What is the units digit of 192986719?
9
What is the hundred millions digit of 2022410415?
